54. Calculate h(33).
-9
Let v(g) = 133085*g - 1064686. What is v(8)?
-6
Let u(z) = -7*z**3 + 251*z**2 + 16*z + 726. Determine u(36).
6
Let u(j) = -2*j**3 - 343*j**2 + 1233*j + 2629. What is u(-175)?
1229
Let f(z) = 3181*z - 1612729. Determine f(507).
38
Let t(r) = -8456*r - 312870. Determine t(-37).
2
Let l(x) = 21*x**3 + 4*x**2 - 339*x - 1018. Calculate l(-3).
-532
Let t(w) = w**3 - 1087*w - 5417. Give t(-5).
-107
Let s(f) = -f**3 + 30*f**2 + 66*f - 125. What is s(32)?
-61
Let y(z) = 9665*z - 1092151. Calculate y(113).
-6
Let l(y) = -y**2 - 8*y + 160. Give l(-20).
-80
Let w(x) = 2*x**3 - 83*x**2 + 6*x + 1457. Give w(41).
22
Let j(r) = 2*r**2 + 1768*r + 32785. Give j(-19).
-85
Let p(g) = g**3 - 336*g**2 + 5105*g + 4801. Give p(320).
1
Let k(v) = 925*v + 101887. What is k(-110)?
137
Let w(y) = 2605*y - 682. Calculate w(0).
-682
Let h(i) = i**2 + 173*i - 43981. Calculate h(140).
-161
Let n(u) = -82*u - 3142. Determine n(-41).
220
Let y(b) = b**3 + 493*b**2 - 2*b + 122. Determine y(0).
122
Let q(g) = 361*g - 10248. Give q(28).
-140
Let h(y) = y**2 + 8*y - 958. Give h(-23).
-613
Let f(x) = -490*x + 4955. Determine f(10).
55
Let d(i) = -4*i**2 + 874*i - 41267. Give d(69).
-5
Let k(y) = 2481*y + 89301. Give k(-36).
-15
Let n(w) = -1998*w - 22496. What is n(-11)?
-518
Let z(b) = 363*b + 114124. Determine z(-316).
-584
Let j(a) = -a**2 - 1967*a - 38946. What is j(-20)?
-6
Let c(a) = -4*a**3 - 2*a**2 + 390*a - 747. What is c(2)?
-7
Let d(o) = -o**3 + 91*o**2 + 724*o - 58110. What is d(92)?
34
Let g(b) = 31*b**3 + 5*b**2 - 13*b + 30. Calculate g(3).
873
Let q(m) = 20519*m - 42. What is q(0)?
-42
Let q(c) = 2*c**3 - 274*c**2 + 207*c + 8841. Calculate q(136).
1
Let a(p) = 495*p - 35724. Give a(72).
-84
Let f(w) = w**3 + 5*w**2 - 1040*w + 6685. Calculate f(7).
-7
Let r(w) = -2*w**3 + 42*w**2 - 106*w + 3290. What is r(22)?
-10
Let h(s) = -1607*s - 40154. What is h(-25)?
21
Let p(t) = -1727*t**2 + 51805*t + 65. Give p(30).
-85
Let v(r) = r**3 - 83*r**2 + 1071*r + 264. Give v(67).
197
Let o(d) = 2*d**2 - 339*d - 9406. Determine o(-26).
760
Let h(d) = 21*d**3 + 12*d**2 + 18*d - 18. Give h(-2).
-174
Let v(u) = -4*u**3 - 164*u**2 - 14*u - 577. Determine v(-41).
-3
Let m(g) = 108290*g + 1082900. What is m(-10)?
0
Let k(o) = 2*o**3 - 15*o**2 - 253*o + 1375. Give k(5).
-15
Let t(o) = 2*o**3 + 380*o**2 + 532*o + 101077. Calculate t(-190).
-3
Let a(u) = -14214*u + 1179760. Determine a(83).
-2
Let v(p) = -13*p**2 + 309*p - 1535. What is v(7)?
-9
Let u(p) = -p**3 + p**2 + 565*p - 4668. Calculate u(18).
-6
Let r(w) = -13*w**3 + 255*w**2 + 391*w - 267. Determine r(21).
6
Let r(g) = -8243*g + 783079. Calculate r(95).
-6
Let j(k) = k**3 + 93*k**2 - 9978*k - 924560. Determine j(-91).
0
Let n(r) = -338*r + 2429. What is n(12)?
-1627
Let f(l) = 661*l + 7787. Calculate f(-12).
-145
Let h(s) = 189*s - 176. Determine h(-2).
-554
Let u(h) = 89*h**3 - 3*h**2 - 110*h + 226. Give u(2).
706
Let c(p) = p**3 + 179*p**2 - 1301*p. Calculate c(7).
7
Let o(l) = -462*l**2 + 18015*l - 32. Calculate o(39).
-149
Let v(g) = 8*g**2 + 224*g + 165. Determine v(-32).
1189
Let v(a) = 1042*a**2 - 19818*a - 52. Give v(19).
-432
Let f(p) = -571*p - 19343. Give f(-34).
71
Let n(p) = 14267*p - 128231. What is n(9)?
172
Let u(a) = 1575*a - 4716. Calculate u(3).
9
Let p(z) = 21337*z - 1237647. Calculate p(58).
-101
Let k(o) = -584608*o - 6430690. Determine k(-11).
-2
Let g(u) = -3*u**2 - 75*u - 179. What is g(-21)?
73
Let b(v) = 12285*v - 26. Calculate b(0).
-26
Let x(g) = -4*g**2 - 1652*g - 153934. Calculate x(-142).
-6
Let v(z) = -16*z**2 + 176*z + 408. What is v(-7)?
-1608
Let y(d) = 5*d**3 - 6*d**2 + 8*d + 30. Calculate y(-3).
-183
Let x(k) = -k**3 + 57*k**2 + 67*k - 279. Calculate x(58).
243
Let v(j) = -j**2 + 35*j + 2077. Calculate v(87).
-2447
Let c(z) = 102*z - 197. Determine c(-15).
-1727
Let n(r) = -183*r + 8246. What is n(44)?
194
Let s(t) = -t**2 + 1424*t - 22450. Calculate s(16).
78
Let j(d) = -84*d - 1150. Calculate j(-26).
1034
Let z(u) = 209*u**2 + 32182*u - 693. What is z(-154)?
-77
Let b(l) = 187*l**2 - 859*l - 1739. Calculate b(-2).
727
Let n(s) = -1101*s + 93688. What is n(85)?
103
Let i(h) = 7527*h + 22611. Determine i(-3).
30
Let o(x) = 6*x**2 + 404*x + 2508. What is o(-6)?
300
Let j(u) = 36302*u + 544539. Determine j(-15).
9
Let h(y) = y**3 - 7*y**2 - 948*y - 3455. Calculate h(36).
1
Let q(r) = 69*r**2 + 7307*r - 278. Give q(-106).
464
Let j(m) = 2*m**3 + 469*m**2 - 144*m + 21357. What is j(-235)?
-28
Let m(t) = t**2 + 31046*t + 558548. What is m(-18)?
44
Let j(t) = 354*t - 27095. Give j(76).
-191
Let x(f) = f**3 + 65*f**2 - 345*f + 339. Give x(-70).
-11
Let z(q) = 3405*q - 15097. Determine z(5).
1928
Let c(i) = i**3 - 39*i**2 + 77*i - 1102. Determine c(37).
-991
Let x(d) = 28*d**3 - d**2 - 2092*d - 2091. Calculate x(-1).
-28
Let p(q) = q**3 + 17*q**2 - 267*q - 4387. Determine p(-19).
-36
Let m(f) = -26319*f + 78961. Determine m(3).
4
Let k(g) = g**2 - 64*g - 10856. Calculate k(137).
-855
Let t(p) = 66*p**3 - 14*p**2 + 811*p - 796. What is t(1)?
67
Let i(t) = 2*t**3 + 188*t**2 + 1526*t - 45. What is i(-9)?
-9
Let f(w) = -4578*w - 27472. What is f(-6)?
-4
Let w(m) = -913*m - 267505. Calculate w(-293).
4
Let k(j) = 17*j**2 + 636*j - 133. Give k(-37).
-392
Let t(v) = 5*v**3 - 1057*v**2 - 606*v - 6308. Give t(212).
52
Let p(x) = x**2 + 795*x + 4789. Calculate p(-6).
55
Let p(x) = -x**2 + 327*x - 4137. Determine p(12).
-357
Let b(q) = -846*q - 46324. What is b(-55)?
206
Let c(q) = -2861*q + 23065. Determine c(8).
177
Let o(f) = 7*f**2 - 87*f - 504. What is o(16)?
-104
Let n(o) = 2*o**3 - 107*o**2 - 1704*o - 59. Determine n(-14).
-2663
Let i(o) = -o**3 - 1399*o**2 + 1388*o - 16783. Give i(-1400).
17
Let q(f) = -200*f**2 + 67398*f + 683. Give q(337).
9
Let k(p) = -p**2 - 84*p - 662. Give k(-73).
141
Let w(q) = q**2 + 55*q - 534. What is w(20)?
966
Let m(r) = r**3 - 12*r**2 - 122*r + 2499. Determine m(18).
2247
Let s(d) = 4*d**2 + 3317*d + 42411. Give s(-13).
-34
Let p(k) = -866*k + 4420. Determine p(5).
90
Let y(f) = -43131*f + 776359. Determine y(18).
1
Let w(f) = -f**2 + 37895*f + 1517396. Calculate w(-40).
-4
Let s(m) = -3*m**3 - 76*m**2 + 39*m - 646. What is s(-26)?
-308
Let m(j) = -16*j**3 + 31*j**2 - 119*j - 8. Give m(5).
-1828
Let p(g) = 18*g**3 + 1985*g**2 + 534*g - 1768. Determine p(-110).
-8
Let q(u) = 7*u**3 + 453*u**2 - 451*u - 3. Calculate q(1).
6
Let o(w) = -198146*w + 198177. Determine o(1).
31
Let d(c) = 10776*c + 32240. Calculate d(-3).
-88
Let i(g) = 110*g**2 - 6178*g - 97432. Determine i(69).
-4
Let w(v) = -2*v**3 + 297*v**2 + 24749*v + 619. Give w(208).
-5
Let f(p) = 41*p**2 - 19961*p - 2928. Give f(487).
-6
Let v(f) = 582*f - 66179. Determine v(114).
169
Let i(v) = 36*v**2 - 2333*v + 1859. What is i(64)?
3
Let q(s) = 1964*s - 11791. Calculate q(6).
-7
Let a(b) = -b**3 - 10*b**2 + 880*b + 5458. What is a(-6)?
34
Let g(b) = -11*b**2 - 1212*b - 330. What is g(-111)?
-1329
Let q(k) = 2*k**2 - 106*k - 57. Calculate q(0).
-57
Let a(f) = -f**2 - 697903*f - 3489492. Determine a(-5).
-2
Let s(y) = 5*y**2 - 226*y + 2649. Calculate s(13).
556
Let d(y) = 3*y**2 - 19312*y - 193061. Give d(-10).
359
Let q(t) = -4230*t + 8454. Determine q(2).
-6
Let o(h) = 133*h**2 - 26868*h + 331. Calculate o(202).
-73
Let y(h) = -15484*h**2 + 185814*h - 78. Determine y(12).
-6
Let w(m) = 53*m**3 + 4*m**2 - 6076*m - 12165. Calculate w(-2).
-421
Let a(y) = -13*y**2 - 580*y + 14003. What is a(-62)?
-9
Let z(o) = -602*o**2 + o + 13. Give z(0).
13
Let j(d) = 23*d**3 + 3545*d**2 + 478*d + 2457. Calculate j(-154).
-7
Let x(w) = -73*w - 4836. Determine x(-66).
-18
Let p(r) = 7*r**2 - 601*r - 4238. Calculate p(-7).
312
Let b(p) = 1455*p - 516538. What is b(355)?
-13
Let k(x) = -4*x**3 + 6*x**2 + 75*x - 22. Calculate k(6).
-220
Let d(x) = -265*x - 84192. Determine d(-318).
78
Let j(t) = -843*t - 120536. Give j(-143).
13
Let a(g) = 9804*g + 19588. Give a(-2).
-20
Let j(q) = 15289*q - 688086. Give j(45).
-81
Let t(x) = -26*x**3 - 8*x**2 + 14*x + 148. Give t(-4).
1628
Let a(o) = 17709*o - 584415. Calculate a(33).
-18
Let s(n) = 110*n**2 - 514*n + 24. Calculate s(7).
1816
Let r(b) = 82*b**2 - 3032*b - 3256. Determine r(38).
-64
Let l(t) = t**3 + 42*t**2 + 102*t + 2472. What is l(-41)?
-29
Let f(x) = 2*x**2 +